ed by 269?
260
What is the remainder when 5080 is divided by 45?
40
What is the remainder when 20261 is divided by 6690?
191
What is the remainder when 145640 is divided by 36087?
1292
Calculate the remainder when 43435482 is divided by 72272.
10
What is the remainder when 7921189 is divided by 6?
1
Calculate the remainder when 13317069 is divided by 94.
89
What is the remainder when 26710 is divided by 13351?
8
Calculate the remainder when 1621624 is divided by 39.
4
Calculate the remainder when 85611 is divided by 1976.
643
Calculate the remainder when 878064 is divided by 219494.
88
What is the remainder when 1451852 is divided by 490?
472
What is the remainder when 1213424 is divided by 404435?
119
Calculate the remainder when 2030071 is divided by 4035.
466
Calculate the remainder when 1604707 is divided by 5711.
5627
Calculate the remainder when 9807606 is divided by 10.
6
What is the remainder when 15083097 is divided by 253?
249
What is the remainder when 36330914 is divided by 58?
4
Calculate the remainder when 3371539 is divided by 2322.
2317
Calculate the remainder when 2491922 is divided by 286.
4
What is the remainder when 272628 is divided by 270569?
2059
What is the remainder when 893474 is divided by 4882?
68
Calculate the remainder when 4685498 is divided by 9.
8
Calculate the remainder when 3237226 is divided by 1854.
142
What is the remainder when 529918 is divided by 119?
11
Calculate the remainder when 92607482 is divided by 3506.
3504
Calculate the remainder when 95219 is divided by 91246.
3973
What is the remainder when 192755 is divided by 96280?
195
Calculate the remainder when 3332365 is divided by 13.
10
What is the remainder when 1625951 is divided by 10?
1
What is the remainder when 35017063 is divided by 49?
46
Calculate the remainder when 7474 is divided by 1079.
1000
What is the remainder when 341900 is divided by 11873?
9456
Calculate the remainder when 1698851 is divided by 679.
672
Calculate the remainder when 53498 is divided by 1.
0
What is the remainder when 769296 is divided by 102?
12
Calculate the remainder when 211928400 is divided by 42200.
0
Calculate the remainder when 318566 is divided by 78853.
3154
Calculate the remainder when 2134874 is divided by 116.
10
What is the remainder when 5297 is divided by 3483?
1814
What is the remainder when 41208 is divided by 9980?
1288
What is the remainder when 31400 is divided by 1427?
6
Calculate the remainder when 4268287 is divided by 2134100.
87
What is the remainder when 225015 is divided by 795?
30
Calculate the remainder when 379876 is divided by 2150.
1476
Calculate the remainder when 22983748 is divided by 3.
1
What is the remainder when 4010760 is divided by 104?
0
What is the remainder when 4357976 is divided by 1452657?
5
Calculate the remainder when 2674850 is divided by 241.
232
Calculate the remainder when 20622598 is divided by 2577824.
6
What is the remainder when 10916469 is divided by 18854?
3
What is the remainder when 617153 is divided by 154268?
81
What is the remainder when 144581 is divided by 461?
288
Calculate the remainder when 11983548 is divided by 59.
58
Calculate the remainder when 9517334 is divided by 1316.
22
Calculate the remainder when 7717179 is divided by 600.
579
Calculate the remainder when 1004911 is divided by 11042.
89
What is the remainder when 23312 is divided by 5764?
256
Calculate the remainder when 7193952 is divided by 337.
13
What is the remainder when 422132 is divided by 11717?
320
Calculate the remainder when 93576 is divided by 483.
357
Calculate the remainder when 697736 is divided by 22507.
19
Calculate the remainder when 3984538 is divided by 995816.
1274
Calculate the remainder when 226882701 is divided by 141.
24
What is the remainder when 108762 is divided by 359?
344
What is the remainder when 103124 is divided by 51336?
452
What is the remainder when 212616 is divided by 66?
30
What is the remainder when 6998562 is divided by 553?
347
Calculate the remainder when 31688395 is divided by 80.
75
What is the remainder when 49692389 is divided by 298?
293
What is the remainder when 3190836 is divided by 245448?
12
Calculate the remainder when 123164 is divided by 269.
231
Calculate the remainder when 13896565 is divided by 56.
53
Calculate the remainder when 949216 is divided by 18254.
8
Calculate the remainder when 17788019 is divided by 17787825.
194
What is the remainder when 551134 is divided by 78676?
402
What is the remainder when 7712989 is divided by 275463?
25
Calculate the remainder when 432564616 is divided by 691.
689
What is the remainder when 1388820 is divided by 4824?
4332
Calculate the remainder when 23749753 is divided by 140531.
14
Calculate the remainder when 1139440 is divided by 13405.
15
What is the remainder when 1078606 is divided by 3202?
2734
What is the remainder when 59041 is divided by 4798?
1465
Calculate the remainder when 1116879 is divided by 26591.
57
Calculate the remainder when 16580 is divided by 3833.
1248
Calculate the remainder when 3103389 is divided by 100.
89
Calculate the remainder when 30483253 is divided by 239.
237
What is the remainder when 25898853 is divided by 38?
29
What is the remainder when 994587 is divided by 17148?
3
Calculate the remainder when 446759 is divided by 3661.
117
What is the remainder when 269623 is divided by 3210?
3193
Calculate the remainder when 42887372 is divided by 1099.
1095
What is the remainder when 9705505 is divided by 9705497?
8
What is the remainder when 1366322 is divided by 151812?
14
What is the remainder when 2401868 is divided by 25822?
422
What is the remainder when 2835469 is divided by 4182?
73
What is the remainder when 251279 is divided by 9160?
3959
What is the remainder when 1444196 is divided by 55545?
26
What is the remainder when 2632430 is divided by 30969?
65
What is the remainder when 875885 is divided by 1530?
725
What is the remainder when 12489885 is divided by 2497975?
10
Calculate the remainder when 71083367 is divided by 9358.
9357
Calculate the remainder when 2007084 is divided by 401416.
4
What is the remainder when 173871575 is divided by 7637?
7633
What is the remainder when 2999743 is divided by 264?
175
Calculate the remainder when 262657 is divided by 65572.
369
Calculate the remainder when 1420896 is divided by 157875.
21
What is the remainder when 165379 is divided by 6593?
554
Calculate the remainder when 12783003 is divided by 53.
39
Calculate the remainder when 5170617 is divided by 27.
9
Calculate the remainder when 6007999 is divided by 40.
39
What is the remainder when 6701943 is divided by 1116988?
15
Calculate the remainder when 246212 is divided by 41021.
86
What is the remainder when 4624084 is divided by 157?
120
What is the remainder when 2194328 is divided by 10?
8
Calculate the remainder when 567935 is divided by 144.
143
What is the remainder when 105664 is divided by 3639?
133
What is the remainder when 535469 is divided by 178486?
11
Calculate the remainder when 702260 is divided by 351082.
96
Calculate the remainder when 881085 is divided by 1615.
910
What is the remainder when 104793 is divided by 147?
129
What is the remainder when 205699323 is divided by 113?
112
What is the remainder when 314669 is divided by 5619?
5
What is the remainder when 760031 is divided by 25?
6
What is the remainder when 22410299 is divided by 24149?
27
What is the remainder when 12790689 is divided by 26?
15
Calculate the remainder when 1278206 is divided by 336.
62
What is the remainder when 271571890 is divided by 9053?
9049
Calculate the remainder when 116847 is divided by 477.
459
Calculate the remainder when 154654 is divided by 77293.
68
What is the remainder when 457095561 is divided by 14316?
14313
Calculate the remainder when 9934019 is divided by 233.
64
What is the remainder when 1846832 is divided by 59559?
503
What is the remainder when 171973943 is divided by 671?
669
What is the remainder when 9079588 is divided by 2253?
2251
What is the remainder when 7795780 is divided by 67?
62
Calculate the remainder when 19198 is divided by 291.
283
What is the remainder when 63236806 is divided by 112521?
4
Calculate the remainder when 2277646 is divided by 4755.
1
Calculate the rem